19 - (12 - -10))).
39
What is (222 - 153 - 63) + 16 + -1?
21
-118 + 117 + (-70 - (7 - (9 - (-4 + 11))))
-76
Calculate (-2 - 8) + -8 + (11 - (37 - 12)).
-32
What is the value of -1 - -36 - (-29 + 24 + -11 - -11)?
40
What is the value of (83 - (-3 + 56)) + -28?
2
Calculate -34 + 14 + (-4 - 16) + 5 - -17.
-18
-2 + -37 + 76 + -31
6
What is the value of 629 + -674 - ((-2 - 3) + -98)?
58
What is 5 + 30 + -4 - -6?
37
Calculate -137 + 102 + 13 + (8 - 2).
-16
Calculate -1 + -4 + 22 + (-7 + -24 - -9).
-5
What is the value of (-20 - -84) + (201 - 226)?
39
What is -33 - (-40 - (-94 + 54))?
-33
What is -54 + 19 + (-1 - 13)?
-49
What is (-10 - (-2 + -50)) + -48 - (66 - 1)?
-71
What is the value of (-1 - -29) + -4 + 239 + -245?
18
Evaluate -22 + -1 + 20 + 26 + -46.
-23
Evaluate (-16 - (-76 + 55)) + 3.
8
What is -20171 + 20172 - (-89 + -1)?
91
Evaluate -65 + -3 + 33 + 7.
-28
5 - (-9 + 1 + 0 + -282 + 251)
44
-42 + 48 - 8 - 51
-53
Evaluate (-20 - (-2 - -3)) + (-4 - 32 - -47).
-10
What is 34 + -32 - 79 - (4 + -4 + -4)?
-73
Calculate 1 + -4 + -1 - (-28 + 95 + 16 + 23).
-110
What is -11 - (42 + -104) - 45?
6
Evaluate (-12 - -46 - 19) + 11 - -10.
36
Evaluate (0 + 12 - 18 - 7) + -1.
-14
(-7 - (12 + (5 - 9) - 7)) + -19 + 13
-14
Evaluate (2 + -1 - 2) + -22802 + 22814.
11
What is the value of 20 + -9 - (-20 - -14 - (11 - (-3 + 9)))?
22
What is 2 - -72 - (60 - 20)?
34
What is the value of -132 - 3 - (-472 + 381)?
-44
Calculate -103 + 37 + (52 - (-20 + 43)).
-37
What is (-10 - -10) + 11 + 13 + -8 + -4 + 4?
16
Evaluate (-20 - (1 - 15)) + 2 + 5 + -20.
-19
What is -20 - (16 + (6 - 9))?
-33
38 - (137 - (80 - 20))
-39
What is -7 + (-7 + 4 - -7) + 50 + -17 + 6?
36
What is the value of (0 + -3 - -19) + (4711 - 4665)?
62
What is the value of 917 - 930 - (-92 - 1)?
80
What is the value of 71 + (6 - -7) + 35 + (-15 - 2)?
102
Evaluate (3 - -43) + (250 - 232 - (0 - 1)) + -6.
59
What is 88 + (-108 - (-10 - 46))?
36
-22 + 75 + -44 + -175 + -3 + 16
-153
What is the value of 34 - (-55 + 61) - (-3 - -87)?
-56
Calculate (-4 - 1) + -2 - (510 + -499).
-18
What is (-8 - 9 - -44) + -25 + 9 + -6?
5
What is 1622 + -1612 - (-2 + -2 - (-2 + -39))?
-27
60 - (-16 + -1) - (52 + -20 - 20)
65
Evaluate (11 - -3) + (-25 - 5) + 35 - 73.
-54
22 + 17 + (23 - -3)
65
-5 + ((5 - 4) + 57 - 1) - (-274 + 270)
56
Evaluate -51 - (21 - (54 - 20)).
-38
What is (36 + -10 - -5) + 12 - (10 + 3)?
30
What is -3 + 10 + 46 + (-1 - (-1 - 22)) + -12?
63
(18 - ((4 - (-18 + 5)) + -6)) + (-10 - 0)
-3
What is 12 + (5 - 6) + -7 + -9 - 91?
-96
Evaluate 48 + (-8 - (-7 - -21)).
26
Evaluate -108 + 83 - (-11 - -21).
-35
What is 172 + -60 + -10 + -175?
-73
Evaluate 1721 + -1719 - (1 + 22) - -159.
138
What is -10 - ((7 + -35 - -18) + (1 - 7))?
6
What is the value of -28 + 155 + -108 - 53?
-34
-112 + 110 + 13 + -13 + 8 + 1
7
Calculate 43 - (-38 + 90 - -32).
-41
Calculate (-16 - (44 + -42)) + -44 + -2.
-64
(33 - (61 - -155)) + 82
-101
Evaluate -10 + 3 + 3 - (-90 - (11 - 34)).
63
Evaluate -3 + (21 + -2 + -1 - (-522 + 458)).
79
6 + 0 + (-19 - (-31 + -16)) + -19
15
19 + -157 + -410 + 468
-80
Evaluate 53 - (26 + (-10 - 1) + 4 + -28).
62
What is the value of 1663 - 1538 - (30 + 1)?
94
Evaluate 2 + (0 - (1 + 17 + -11)) + 7 + 7.
9
(4 - -3) + 17 + (-3 - ((10 - 3) + -1))
15
What is the value of 395 - 370 - ((2 - -3) + 110)?
-90
What is the value of 104 - (30 - 74 - -114)?
34
What is (1 - -30) + 1619 + -1706?
-56
Evaluate -23 + (43 - (19 - (-19 + 27))) - -31.
40
Calculate -17 - (5 + -10 + -3 + -4 + -4 + 8).
-9
What is the value of ((9 - 12) + -6 - (-1 + 57)) + 5?
-60
44 - 55 - -17 - 105
-99
Calculate -12 + -4 + 0 - (-34 - (49 + -91)).
-24
Evaluate (-1 - 41 - 1) + (29259 - 29243).
-27
What is the value of (87252 - 87229) + (0 - -1) + 99 + 1?
124
What is 29 + 60 + -1 + -31 + -25?
32
(-125 + 125 - (-10 - -1)) + 2 + -3 + -18
-10
What is the value of (66 - (-62 + 117)) + 4?
15
What is the value of 44 + 0 + (16 - (-36 + (-5 - -43)))?
58
What is the value of (14 - (45 + -9)) + 68 + (-5 - -5)?
46
What is the value of 30 - -3 - ((-100 - 37) + 100)?
70
What is the value of -7 + 56 + -14 + -85?
-50
What is 0 + -40 + 20 + (-26 - 4) - (0 + 10)?
-60
Calculate 18 + (-13 - 4 - -27 - 35).
-7
-104 - -45 - (-18 - 23)
-18
What is (-75 - -71) + (11 - 6 - 9 - (1 - -3))?
-12
1 + -194 + 209 + 0 + 20
36
Evaluate -9 + 7 + (-8 - -9) + 7 + 9.
15
Calculate (-1031 - -1112) + (7 - 98).
-10
Evaluate 10 - ((2 - 11 - 0) + -17 + -5 + 3).
38
What is 9 + (-3 - 7 - -1 - -12 - 25)?
-13
Calculate -5438 + 5458 + -2 + -40.
-22
Calculate (0 - (-1 + 0)) + (-52 + 1 - (-502 - -355)).
97
Evaluate 82 - 40 - 89 - (-15 + 1).
-33
Evaluate 38 + (-15 - (9 + (-16 - -15))).
15
Calculate -16 + 11 - -8 - 8 - (-55 - -95).
-45
What is the value of -4 - -109 - (3 + 46 + -31)?
87
Evaluate (0 - 23) + (-290 - -292).
-21
Evaluate 22 + 5 - (50 - 107 - -66).
18
Evaluate 20 - ((75 - (9 + 0)) + -17) - 23.
-52
What is (-51 - -52) + -105 - -1?
-103
What is the value of (7 - 2 - 3) + (7 - 6 - -18)?
21
What is -2 + 40 + -3 - (1622 - 1623)?
36
What is -26 - 14 - (-24 + 12)?
-28
What is (-30 - (14 + -21)) + 5 + 59?
41
What is the value of 59 - ((14 - 7) + (-12 - 9) - (1 - 0))?
74
(35 + -50 - 20 - 0) + 141
106
What is the value of 17174 - 17106 - ((-2 - -2 - 1) + -1 + 2)?
68
Calculate -19 + 13 + -8 - -35.
21
Calculate -40 - (-51 - -12 - -19).
-20
-29 - ((39 - 38 - (1 - -5)) + (10 - 8))
-26
What is -461 - -475 - (-41 - 8)?
63
(44 + -39 + -92 - -19) + 39
-29
Calculate 70 + (-13 + 2 + 31 + -7 + 3 - 12).
74
What is the value of (-14 - -4 - (-6 + 46 + -2)) + 7?
-41
What is -83 - ((-17 - -4 - (17 + -34)) + 1 + 5)?
-93
What is -54 - (-42 + (-15 - -35))?
-32
Evaluate 6646 + -6591 - (2 - 36).
89
What is 7 + (49 - 2) + (-13 - (5 + -9))?
45
What is the value of (-53 + 17 - 15 - 3) + 21?
-33
What is -4 - (-11 + (4 - (8 - 16) - 3))?
-2
What is 41 - (-54 + (20 - -56))?
19
What is 15 + 3 + -17 + 47 - (-8 - -9)?
47
What is 23 + -5 + 6 - (-54 - -75)?
3
Calculate 127 + (-27 - -45) + -12 + -19.
114
Evaluate 0 + -1 + 8 + -4 + 14 + (-35 - -21).
3
What is 4 + -11 + (-3 - (67 + 11)) + 11 + -7?
-84
Evaluate -7 + (-53 + 28 - (3 - 23)) + 0 + -19.
-31
Evaluate 11 + (11 - (31 - 22 - -4)).
9
What is the value of -5 - (-7 + -4 - (-25 + -3 + (-9 - -15)))?
-16
What is the value of (-19 - (-2 - 70)) + (-17 - -1)?
37
Evaluate -3 + 22 + 1 + (-898 - -894).
16
What is the value of 0 + -13 + -99 + -12 + -16 + 5 + 13?
-122
Calculate (-4 - -7) + -65 - (-80 + 69).
-51
What is -7 + -4 - (-360 - -316)?
33
What is -15 + -1 - (5 + (-38 - 1) + -4)?
22
Evaluate -2 + -35 + 5 + (-7 - 4 - 2) + -8.
-53
Evaluate -56 + -95 + 79 + 24.
-48
What is the value of -17 + (-28 + 32 - (2 + -35)) - 16?
4
Evaluate 2 + (4 - 4) - 5 - (2 - (16 - 6)).
5
Evaluate (34 - (-25 + (-34 - -90))) + 81.
84
What is the value of -36 - ((2 - 12) + -12 + -33 + 54)?
-35
What is (-6 - 7) + (58 - -27) + -9?
63
What is the value of -8 + 1 - (-13 + -10 + (7 - (-64 - 1)))?
-56
Evaluate 2 + ((-7 - 9) + -3 + 10 - (49 + -14)).
-42
Evaluate (-13 - 17) + (-172 - -267).
65
What is the value of (319 - 265) + (-14 - 0)?
40
52 + (81 - 54 - 21)
58
Calculate (-33 - 6) + 20 - (0 - 19).
0
Calculate (-57 - (11 + -6 - 17)) + 0 + 2 + 0.
-43
What is 16 + (-16 + 25 + (7 - 11) - 93)?
-72
What is the value of -18 + (-13 + 27 - (1 + -2)) - (1 - -13)?
-17
What is the value of (8 - 12) + -16 + -2 + -7 + 13?
-16
What is -61 + (83 - (60 + 0))?
-38
What is the value of 17 + 4 + -3 - (39 + -54 + 1)?
32
170 + -329 + 158 + (-1 - (77 - -1)) + 10
-70
What is the value of 25 + -12 - (10 - (4 + 9))?
16
Calculate (7 - 24 - -2) + -34 + 69.
20
What is the value of -5 + (-31 + (35 - -7) - (6 - 0)) + -31?
-31
What is 14 - 11 - 1 - 7 - -26?
21
Calculate -2562 + 2523 - (-48 + -2).
11
2 + 2 - 3 - -42 - (-37 - -53)
27
26 - ((-78 - -39) + 36)
29
Evaluate (-64 - -40) + 8 + 9 + -4 - -15.
4
Calculate (-68 - -113) + -38 + (-14 - (0 - 0)).
-7
-23 - -1 - ((-6 - (-17 - -15) - -18) + -4)
-32
-144 + (70 - 28) - -60
-42
Calculate -9 - ((20 + -8 - 5 - 3) + -44).
31
What is the value of (-15 - -7) + (12 - (5 - 3)) + 20?
22
What is -119 - (-23 + 13 + 3 + -6 + 2 + 3)?
-111
(135 - (-3 + 144)) + (-1 - (-30 - 2))
25
What is the value of 10 - 0 - (5 + 20 + -28 + 0)?
13
Calculate -108 - (-12 + (3 + 13 - 4) - -2 - -3).
-113
-6 + 38 + 122 + -147 + (-3 - -56)
60
Cal